- 2 = 0, 5*n + 1 - 6 = -5*l. Suppose -5*z = -n*p - 203, 4*p + 106 + 50 = 4*z. What is the tens digit of z?
4
Suppose 31*u - 89*u + 25404 = 0. What is the units digit of u?
8
Suppose -10420 = -5*i + 2*w, -w - 10405 = -5*i - 2*w. What is the hundreds digit of i?
0
Let w(g) = -202*g**3 + 39*g**3 - 2*g - 1 - 6*g**3. What is the hundreds digit of w(-1)?
1
Suppose 0 = 4*a + 2*n - 7460 + 1888, -3*a + 4*n + 4179 = 0. What is the hundreds digit of a?
3
Let w = 2786 + -1183. What is the units digit of w?
3
Let g(i) = -i**3 - 2*i**2 + 3*i - 1. Let f be g(-4). Suppose -f - 1 = -5*c. Suppose 4*b - 130 = 3*h - 3, c*h = -2*b + 80. What is the units digit of b?
4
Let d(y) = y**2 - 11*y + 19. Let a be 21/2 - 18/12. Let t(x) = -x**2 + 12*x - 13. Let v be t(a). What is the units digit of d(v)?
1
Suppose -5*u - 6*r + 8*r = -5148, 4*r - 4 = 0. What is the tens digit of u?
3
Suppose -24789 - 6299 = -16*q. What is the thousands digit of q?
1
Suppose -19*g + 7*g + 14136 = 0. What is the hundreds digit of g?
1
Let n be 5/15 - 4/(-6). Let c = n - -1. Suppose 10 = c*s - 2. What is the units digit of s?
6
Let b(i) = 9*i**2 + 6*i - 5. Let s be b(3). Suppose g - 245 = -4*t + 124, -t = 2*g - s. What is the units digit of t?
2
Let d(c) = 8*c**2 - 31*c - 5. What is the tens digit of d(10)?
8
Suppose 3*l - 4*n = 4324, 4*l - 2*n - 5782 = -5*n. What is the hundreds digit of l?
4
Suppose 0 = t + 5*b - 88, 544 = 4*t + 4*b + 128. Let m(u) = 3*u + 1. Let g be m(1). Suppose -4*h = -g*c - t, 2*h - 47 = h - 3*c. What is the units digit of h?
2
What is the hundreds digit of 3360/(-252)*(0 - 264/10)?
3
Let g = -24 - -114. Suppose 3*c + g = m + 574, 0 = -5*c + 3*m + 812. What is the hundreds digit of c?
1
Let w(i) = -i**3 + 10*i**2 + 14*i - 5. Suppose 3 - 2 = -a + 4*x, 3*x - 31 = -2*a. What is the tens digit of w(a)?
2
Suppose -6361 = 10*p - 45231. What is the hundreds digit of p?
8
Suppose -3*b + 42 = -4*w, -5*b = 2*w - 26 - 18. What is the units digit of -3 + 1*b*4/8?
2
Suppose 4*n = -2*d - 1126, 8*d - 3*n + 2828 = 3*d. What is the hundreds digit of ((-19323)/d)/((-8)/10 - -1)?
1
Let i be (-10)/35 + (-65)/(-7). Let k be 4/(-3)*i/(-6). Suppose k*x = 3*x - 3. What is the units digit of x?
3
Let q(o) = -4*o + 24. Let h be ((-4)/7)/2 + (-80)/14. What is the tens digit of q(h)?
4
Let l = 39 + 170. Suppose 2*j + u - 131 = 0, -2*j = -5*j - 4*u + l. What is the units digit of j?
3
Let s = 1044 - 31. What is the thousands digit of s?
1
Let r = 58 + -32. Let i = r - -47. What is the units digit of i?
3
Let g(b) be the second derivative of b**5/10 + 5*b**4/12 + b**3/3 + b**2/2 - b. Let k be g(-4). Let t = k - -99. What is the tens digit of t?
4
Suppose -52*a + 2715 = -51*a. What is the hundreds digit of a?
7
Suppose b - 2*b = -n + 11, 4*n - 38 = b. Suppose 4*g = n*g. Let a = 36 + g. What is the units digit of a?
6
Let j be 15 + -14 - (141/(-1) - -1). Suppose -j = -8*h + 5*h. What is the tens digit of h?
4
Suppose -3*d = -2*w - 40, 2*d + 5*w = w. Let b be 0 - -1 - (0 - 2). Suppose g + d = b*g. What is the units digit of g?
5
Let v be (1/(-3))/(3/(-54)). What is the tens digit of (-480)/(-9) - (-4)/v?
5
Let g be -3*(3 - 76/12). Let n be 2/g + 261/45. Suppose -2*a + n = -0*a. What is the units digit of a?
3
Let q = -16 + 19. Suppose 0 = 2*c + s - 95, -q*c - s + 196 = 56. What is the units digit of c?
5
Let u = -150 + 102. Let j be u/(-5) - (-26)/65. Let l = 12 - j. What is the units digit of l?
2
Let t(h) = -4*h**3 + 9*h**2 + h - 5. Let l(q) = q**2 - 20*q - 3. Let k be l(20). What is the hundreds digit of t(k)?
1
Let d be (-2)/(-8) + (-195)/(-52). Suppose 62 = -3*t + d*t. What is the units digit of t?
2
Let u = 37 - 35. Suppose -u*r + 38 = -166. What is the hundreds digit of r?
1
Suppose -3*m + 547 = -6*z + 8*z, m + 4*z - 189 = 0. What is the tens digit of m?
8
Let c be ((-40)/6)/((-12)/18). Let a be (64/10)/(4/c). Suppose -3*f = -7*f + a. What is the units digit of f?
4
Suppose 5*s + 867 = 347. Let u be 808/(-13) + (-16)/s. What is the tens digit of (6/12)/((-1)/u)?
3
Let a = 2281 - 1542. What is the tens digit of a?
3
Let j(i) = i + 16. Let n be j(-12). What is the tens digit of n/8*-2*-17?
1
Suppose 0 = -4*k + 570 + 1626. What is the units digit of k?
9
Suppose 2*a - 2*m = 4, -3*a + 4 = -11*m + 6*m. Suppose a*j = q + 310, j - 514 = -4*j - q. What is the hundreds digit of j?
1
What is the hundreds digit of (1066 + -10)/4 + (0 - 5)?
2
Suppose 2*r - 1 - 1 = o, 5*r - 12 = -o. Suppose o*a = -2 - 4. Let w(h) = 2*h**2 + 3*h. What is the units digit of w(a)?
9
Let n(z) = -z**2 - 54*z + 143. What is the tens digit of n(-24)?
6
Suppose 12*o - 186 = 18. What is the units digit of (14 - o)*(0 - 36)?
8
Let b(v) be the second derivative of -v**5/20 + 5*v**4/12 + v**3 + v**2 + 2*v. Let f be b(6). Suppose -f*z = -32 + 10. What is the tens digit of z?
1
Suppose 3*z + 37 = -5. Let x be (3 - (-16)/(-6)) + (-344)/(-12). Let o = z + x. What is the units digit of o?
5
Let q be 33/(-22)*(-86)/3. Let z = -26 + q. What is the tens digit of z?
1
Suppose 3*j + 1871 = 2*p + 311, -1574 = -2*p - 4*j. What is the units digit of p?
3
What is the units digit of (0 + (0 - -1))/(155/52235)?
7
Suppose 676*l = 671*l + 17165. What is the units digit of l?
3
Suppose -5*h + r = -3*r - 120, -3*h = 4*r - 40. Suppose 3*m + 8 = 2, -5*m = -2*a + h. Suppose -66 = -a*l + 44. What is the tens digit of l?
2
Let a = -20 - -21. What is the tens digit of (1/a + -87)/(22 + -24)?
4
Let a be 20/3 - (-2)/6. What is the tens digit of 7/(a/170) + -5 + 4?
6
Suppose -92 - 30 = -3*v + 2*y, 4*y + 24 = v. What is the units digit of v?
4
Let z = 106 - 103. Suppose -3*w + z*g + 720 = 0, 564 = 2*w + 3*g + 89. What is the units digit of w?
9
Let l(b) = b**3 - 6*b**2 - 4*b. Let o = 12 + -6. Let n = o - -1. What is the units digit of l(n)?
1
Suppose 0 = 3*r + 3*f - 2292, -3*f - 659 - 869 = -2*r. What is the units digit of r?
4
Let t(h) = 3*h**3 - 93*h**2 - 86*h + 22. What is the tens digit of t(32)?
4
Suppose -6*c + 31425 = 7809. What is the tens digit of c?
3
Let l(o) = -o**3 - 6*o**2 + o + 3. Let b be l(-6). Let i = 2 - b. Suppose -74 = -i*d - 4*s, 4*d - 4*s - 55 = -3*s. What is the tens digit of d?
1
Let i(f) = -12 - 25*f - 6 + 31*f. What is the tens digit of i(6)?
1
Let y(m) = 5*m**3 - 32*m**2 + 12*m + 6. What is the tens digit of y(9)?
6
Suppose -l - 522 = -2*s, 5*s = -2*l + 189 + 1107. Suppose -s = 2*q - 7*q. What is the units digit of q?
2
Let b = -49 + 90. Suppose -16 = -4*k - 4. Suppose -b = -k*q + a, -q - a - 4*a = -19. What is the tens digit of q?
1
Let l(x) = -21*x + 18*x**2 - x**3 + 11*x - 5*x**2. Let b be l(12). Suppose -b + 0 = -2*m. What is the units digit of m?
2
Suppose r = 5*w + 479 + 380, 0 = -5*r + 5*w + 4195. What is the tens digit of r?
3
What is the hundreds digit of (-8928)/(-6) + (12 - 15)?
4
Suppose 4*r - 3*r = -1, 0 = -2*v + 3*r + 179. What is the tens digit of v?
8
What is the units digit of (13 + -3 - 3)*(-159014)/(-301)?
8
Let u(k) be the first derivative of -k**2 + 1. What is the tens digit of u(-5)?
1
Let v(n) = -n + 1. Let c be v(1). Suppose c = -10*x + 18*x - 504. What is the tens digit of x?
6
Suppose 0 = -5*r + 285 + 50. Let f(x) = -x**3 - 8*x**2 + 4*x - 2. Let l be f(-8). Let g = l + r. What is the units digit of g?
3
Let z = -173 - -313. Let x be ((-8)/(-24))/((-1)/(-69)). Suppose 0 = -x*y + 19*y + z. What is the units digit of y?
5
Suppose -4*j + 2*m = -36 + 10, -3*m = j + 4. Suppose 2*y - 5*b + 3*b = 84, -2*b - 198 = -j*y. What is the units digit of y?
8
Suppose -52*u + 11220 = -8*u. What is the hundreds digit of u?
2
Let y = -83 - -83. Suppose p - 66 + 19 = y. What is the units digit of p?
7
Let n = 3148 - 2169. What is the hundreds digit of n?
9
Let k = 21 + -41. Let l be (10/(-8) - -1)*k. Suppose z - 4*n + l + 1 = 0, 8 = 4*n. What is the units digit of z?
2
Let f = 1059 - 674. What is the tens digit of f?
8
Suppose 3*p = -4*z + 25, -z = -p + 2 - 3. Suppose 9 = -p*a - 0*a. Let k(w) = 3*w**2 + 3*w + 4. What is the tens digit of k(a)?
2
Suppose -4*x = -18*x + 12726. What is the tens digit of x?
0
Suppose b - o = 3, 4*b + 30 = -b - 4*o. What is the hundreds digit of ((-7)/(7/(-316)))/(b + 3)?
3
Let z be 1/(-4) - 50/(-8). Suppose i = z*i. Suppose 0 = 3*l + 4*t - 96, -2*l + i*t - 5*t + 57 = 0. What is the units digit of l?